ulate the greatest common factor of 3228952 and 3776.
472
What is the greatest common factor of 5317492 and 1824?
76
What is the highest common factor of 71 and 133835710?
71
What is the greatest common divisor of 17966 and 488618?
26
What is the greatest common factor of 49794 and 32038?
386
What is the highest common divisor of 1444 and 1026570?
38
What is the greatest common divisor of 14256869 and 341?
341
What is the highest common factor of 2556 and 12370401?
639
What is the highest common divisor of 5880 and 5160?
120
Calculate the greatest common divisor of 20615 and 154810404.
4123
What is the highest common factor of 116895390 and 330?
30
What is the greatest common factor of 369 and 5104008?
369
Calculate the greatest common factor of 364581129 and 77.
11
What is the highest common factor of 363868 and 73712?
68
Calculate the greatest common factor of 10802 and 3752222.
982
What is the greatest common divisor of 6152 and 9816?
8
What is the greatest common divisor of 47880 and 13960?
40
What is the greatest common divisor of 3926625 and 1665?
555
What is the greatest common factor of 570066 and 9408?
294
Calculate the greatest common factor of 5451048 and 27.
9
Calculate the greatest common factor of 70829303 and 194.
97
Calculate the greatest common divisor of 1859478 and 708441.
1437
Calculate the highest common factor of 192 and 9008704.
64
Calculate the greatest common divisor of 1473490 and 1990.
10
What is the highest common divisor of 337242933 and 853?
853
Calculate the greatest common factor of 3346741634 and 466.
466
What is the highest common factor of 3759681 and 555?
111
Calculate the greatest common divisor of 1148 and 8516732.
28
What is the greatest common divisor of 1070762 and 105113?
409
What is the greatest common factor of 260777 and 7403?
11
What is the greatest common factor of 81813278 and 349?
349
What is the greatest common divisor of 13341380 and 245180?
5980
Calculate the greatest common factor of 4104690 and 82594.
122
What is the greatest common factor of 401076867 and 2537?
2537
Calculate the greatest common factor of 48569 and 6116837.
2857
Calculate the greatest common divisor of 3880 and 101409620.
1940
Calculate the greatest common factor of 969056 and 3608.
88
Calculate the highest common factor of 254694 and 593538.
1122
What is the highest common divisor of 1553568604 and 28?
28
What is the greatest common factor of 20324250 and 18?
18
What is the greatest common divisor of 3608 and 1640760?
88
Calculate the highest common divisor of 3936 and 10846632.
984
What is the highest common divisor of 1673882 and 126?
14
What is the greatest common divisor of 648640 and 3520?
320
What is the highest common divisor of 224 and 13777876?
28
What is the highest common factor of 54546 and 7965?
3
Calculate the highest common factor of 16 and 14426928.
16
Calculate the greatest common factor of 9065912 and 256.
8
What is the highest common divisor of 174271924 and 259?
37
What is the highest common divisor of 80125936 and 44?
44
What is the greatest common divisor of 957733649 and 5998?
2999
Calculate the greatest common factor of 706 and 1175137.
353
What is the greatest common divisor of 311 and 11701064?
311
What is the highest common factor of 934820 and 20?
20
What is the highest common divisor of 4784 and 586651?
13
What is the highest common divisor of 567678 and 12?
6
Calculate the highest common divisor of 31262 and 4276514.
638
Calculate the highest common factor of 90 and 5508430.
10
Calculate the highest common divisor of 660 and 4455.
165
What is the highest common divisor of 3206 and 3062?
2
Calculate the highest common factor of 377 and 4531511.
29
Calculate the greatest common factor of 66 and 46520628.
66
What is the greatest common divisor of 78994470 and 7110?
2370
Calculate the greatest common divisor of 1164630259 and 3302.
1651
What is the greatest common factor of 639 and 6324111?
9
What is the greatest common divisor of 860195 and 9065?
245
What is the highest common factor of 63 and 10206147?
21
What is the greatest common factor of 3922604 and 93219?
161
What is the highest common divisor of 7264 and 5161980?
908
What is the highest common divisor of 95 and 65067685?
95
Calculate the highest common divisor of 66 and 690684984.
66
Calculate the highest common divisor of 68 and 16856163.
17
What is the highest common divisor of 31311 and 60847?
71
What is the greatest common factor of 19979697 and 57?
57
Calculate the highest common divisor of 8623599 and 46767.
393
Calculate the highest common factor of 23647 and 1718275.
221
Calculate the highest common factor of 12 and 28479084.
12
Calculate the highest common factor of 336 and 10806240.
48
What is the highest common factor of 18328 and 36163672?
632
Calculate the greatest common divisor of 2431388 and 55044.
556
Calculate the highest common factor of 89253 and 2336403.
633
Calculate the highest common factor of 12 and 1478435262.
6
Calculate the greatest common factor of 142930 and 6560.
10
What is the highest common divisor of 1106928 and 4464?
144
Calculate the highest common divisor of 16895952 and 90.
18
Calculate the greatest common factor of 120 and 605828770.
10
Calculate the highest common factor of 10 and 19470655.
5
Calculate the highest common factor of 84 and 39910199.
7
Calculate the highest common divisor of 4716 and 4511902.
262
What is the highest common divisor of 3242355 and 105?
15
What is the highest common divisor of 557620 and 55020?
140
What is the greatest common divisor of 4 and 264169?
1
What is the greatest common factor of 44212 and 28728?
28
Calculate the greatest common divisor of 3173 and 239209297.
3173
What is the greatest common divisor of 36 and 1071672?
12
What is the highest common factor of 8850 and 139903750?
2950
What is the highest common factor of 1654712 and 2346?
782
Calculate the highest common factor of 491 and 35137433.
491
Calculate the greatest common divisor of 12015 and 270.
135
What is the greatest common factor of 137160 and 3615?
15
Calculate the greatest common factor of 54841 and 504664.
317
What is the greatest common factor of 15785 and 11679465?
1435
What is the highest common divisor of 240 and 14287264?
16
Calculate the highest common divisor of 8347 and 74035.
17
Calculate the highest common factor of 8047138 and 374.
22
What is the greatest common factor of 3269076 and 336?
12
Calculate the greatest common factor of 5418 and 41511168.
774
What is the greatest common divisor of 41331550 and 650?
650
Calculate the highest common divisor of 18 and 28247391.
9
Calculate the highest common divisor of 3107288 and 2563.
233
Calculate the greatest common factor of 492703296 and 192.
192
What is the greatest common divisor of 53533950 and 96?
6
What is the greatest common factor of 60 and 3376080?
60
Calculate the greatest common factor of 2577990 and 465.
15
What is the greatest common divisor of 19218130 and 1160?
10
Calculate the greatest common factor of 19 and 3989586902.
19
What is the greatest common factor of 4202475 and 34113?
411
What is the highest common factor of 103 and 20723909?
103
Calculate the greatest common divisor of 25920 and 194232.
24
What is the greatest common divisor of 86986 and 1715478?
1426
Calculate the greatest common divisor of 12785 and 353354387.
2557
What is the greatest common divisor of 27015 and 580395?
15
What is the greatest common divisor of 3400 and 67410780?
340
Calculate the greatest common factor of 330 and 10771563.
33
Calculate the greatest common factor of 2019034 and 438.
146
What is the greatest common factor of 218793 and 2?
1
What is the highest common factor of 4376 and 175587?
547
What is the highest common factor of 38633901 and 350673?
8553
Calculate the greatest common divisor of 169 and 1626547.
13
What is the greatest common factor of 74295 and 258102?
117
Calculate the highest common factor of 61233 and 36.
3
What is the highest common factor of 100 and 3880280?
20
What is the greatest common factor of 515 and 151045483?
103
What is the highest common divisor of 13075 and 278200?
25
What is the greatest common factor of 18929905 and 2665?
205
Calculate the greatest common factor of 19296 and 27270.
18
What is the 